/(-9) + (8 - (-350)/(-45)).
73
Let c(x) = -61*x**2 + 30*x**2 + x + 32*x**2 - 5. What are the prime factors of c(12)?
151
Let o(w) = w - 2. Let t be (35/10)/(2/4). Let p be o(t). What are the prime factors of -3 + 1 + (16 - p)?
3
Suppose -3*j = -12, 0*b + 4*b + 3*j = 2416. What are the prime factors of b?
601
Let z be (0/1 - -2)*(-5 + 2). What are the prime factors of (-492)/z + (2 + -2 - 2)?
2, 5
Let d(z) = z**2 + z - 17. Let o be d(4). Suppose -5*t + 3*y + y + 27 = 0, o*t = -y + 6. What are the prime factors of t?
3
Let n be 1/(-2) - (-3)/6 - -7. Suppose n*b = -5*b + 780. What are the prime factors of b?
5, 13
Let f = -151 - -149. List the prime factors of ((-2)/4)/(f/1024) + -1.
3, 5, 17
Let j(u) = 52*u + 3. Suppose -b - o + 7 = 0, -4*b + 11 = -2*b + o. List the prime factors of j(b).
211
Let y(u) be the first derivative of u**4/2 - 4*u**3/3 + 3*u**2 - 5*u - 9. What are the prime factors of y(3)?
31
Let h be 1/(-1) + 8/(16/6). What are the prime factors of 2301/52 - h/8?
2, 11
Let l(c) = 35*c**3 + 2*c**2 - 1. Let t be l(1). Let g = -29 - -10. Let y = t + g. List the prime factors of y.
17
Let v(o) = -21*o + 3 + 1 - 2 - 9*o. Let u = 1 - 2. List the prime factors of v(u).
2
Let v be 9/(-3)*(-18)/27. Suppose 0*o + 344 = v*o. What are the prime factors of o?
2, 43
Let b(l) = -2*l - 19. Let g be b(-11). Suppose g*j - 15 = 8*j, j + 218 = 5*s. What are the prime factors of s?
43
Let j(x) = -x**2. Let u(o) = -21*o**2 - o + 2. Let y(n) = 3*j(n) - u(n). What are the prime factors of y(-2)?
2, 17
Suppose -10*c + 5*c + 4*k = -7258, 5*c - 5*k - 7255 = 0. What are the prime factors of c?
2, 727
Let l(f) = 6*f**2 + 15*f + 5. What are the prime factors of l(-11)?
2, 283
Suppose 0 = -0*m + 8*m - 56. Let f(n) = 2*n**3 - 10*n**2 - 5*n + 16. What are the prime factors of f(m)?
3, 59
Suppose 19 = -4*k - q + 122, 0 = 2*k - 5*q - 57. Let c = 44 - k. List the prime factors of c.
2, 3
Let p(z) = z - 2*z + 6*z + 9 + z**2. Let x be 4/5 + (-117)/15. List the prime factors of p(x).
23
What are the prime factors of 123/((1/30)/((-210)/(-189)))?
2, 5, 41
Let j be -3 + -2 + 14 + -4. Suppose t = j*t - 300. List the prime factors of t.
3, 5
Suppose k = d - 1397, -12*d + 16*d + 2*k - 5570 = 0. List the prime factors of d.
2, 17, 41
Let u(g) = g**3 - 17*g**2 + 6*g - 24. Let h be u(17). Suppose -4 = -4*m + 2*m. Suppose o - h = -m*o. List the prime factors of o.
2, 13
Suppose 700 = -9*p + 13*p. List the prime factors of p.
5, 7
Let p(n) = -n**3 + 15*n**2 + 17*n - 4. Let r be p(16). What are the prime factors of (-3)/r + (-325)/(-20)?
2
Suppose -3*j + 0*j + 9 = 0. Suppose 2*m = -3*i + 137, -3*m - m = -j*i + 167. List the prime factors of i.
7
Suppose 3*t + 55 = 79. Let c = t - -121. List the prime factors of c.
3, 43
Let y(r) = -9*r + 12. Let i(f) = -36*f + 49. Let q(p) = -2*i(p) + 9*y(p). What are the prime factors of q(-5)?
5, 11
Let x(y) = -8*y - 1. Let i be 18/6*(0 + 1). Let f be x(i). Let b = f - -48. What are the prime factors of b?
23
Suppose -8*h + 18 + 14 = 0. What are the prime factors of (-1)/h - 931/(-28)?
3, 11
Let m be ((-1)/(-2))/(2/16). Let z = -331 - -411. Suppose -m*q + 2*q = -z. List the prime factors of q.
2, 5
Suppose -231 = -7*v + 3*v - 5*m, m + 261 = 4*v. Suppose -2*d - 22 = n + d, 4*n + 3*d + 115 = 0. Let x = n + v. What are the prime factors of x?
3, 11
Let c(p) = -p**3 - p**2 + 2*p + 166. Let j be c(0). Let r = 365 - j. List the prime factors of r.
199
Let m(o) = -2*o + 12*o - 16 - 3*o. Suppose 2*c + 34 = 5*q - c, -3*q + 4*c = -16. List the prime factors of m(q).
2, 5
Suppose v + p = 18 + 4, -19 = -v - 2*p. What are the prime factors of v?
5
Suppose -n - p + 6*p = -317, -5*n = -4*p - 1501. What are the prime factors of n?
3, 11
Let p be -3 + 1 - (-2 - 2). Suppose -p*g + 3 = -3*m, -4*m + 3 = -g + 2. Suppose -v + 25 = -m. What are the prime factors of v?
2, 13
Suppose 1 = -3*x + 19. Let h be (2/1)/(x/39). Suppose h = 3*m - 59. What are the prime factors of m?
2, 3
Let w(m) = -5*m - 1. Let l be w(-1). Suppose -16 = -4*h + l. Suppose -2*o + 1 = -h. What are the prime factors of o?
3
Let k = 33 + -28. Suppose 3*w + k*y = 74, 5*w + 0*y - 118 = -3*y. What are the prime factors of w?
23
Let r(h) = -7*h**3 + 13*h**2 - 15*h - 17. Let i(z) = 6*z**3 - 14*z**2 + 16*z + 16. Let k(m) = 6*i(m) + 5*r(m). What are the prime factors of k(18)?
5, 13
Suppose 3*b + 4*l - 3*l - 9 = 0, 0 = 4*l. Suppose 0*s - 1255 = -5*x - s, -985 = -4*x + b*s. Let a = x + -179. What are the prime factors of a?
71
Let y(h) = 3*h**3 - 57*h**2 - 16*h + 32. What are the prime factors of y(20)?
2, 3, 19
Let g(f) be the third derivative of -f**6/120 + f**5/15 - f**4/24 + 7*f**3/6 + f**2. Let b be g(3). Suppose 7*j - 195 = -b. List the prime factors of j.
2, 13
Let q = 9 + -6. List the prime factors of 40 + 6/(q - 0).
2, 3, 7
Let y(u) = 10*u**2 - 7. Let w be 57/(-95) - (-24)/(-10). What are the prime factors of y(w)?
83
Let u = -105 + 129. Let k = -27 + 19. Let j = u - k. List the prime factors of j.
2
Suppose 37 = -2*r + r. Let w = -62 - r. Let x = w + 54. List the prime factors of x.
29
Suppose -3*z + 312 = -z + 2*g, -5*z = -2*g - 745. What are the prime factors of z?
151
Suppose -2045 = -r - 4*w, -2351 = -3*r + 2*w + 3770. What are the prime factors of r?
13, 157
Suppose 3*q - 5*f - 383 = -q, 4*q - 393 = -5*f. Suppose t - 145 = -3*a, t - 44 - q = -a. List the prime factors of t.
139
Let k = 1927 - 1314. What are the prime factors of k?
613
Let r(y) = -y + 21. Let c be r(19). Suppose 0 = -h + p + 1, h + 2*p - 2 = c*h. Suppose -h*g + 0*s = -3*s - 134, 4*g = 4*s + 132. List the prime factors of g.
5, 7
Suppose 24 = 5*u - 6. Let g be 65/3*(0 - u). Let o = g - -185. What are the prime factors of o?
5, 11
Suppose -4*v - 9*g = -8*g - 1773, 3*g = -2*v + 899. What are the prime factors of v?
2, 13, 17
List the prime factors of (13652/14)/((-22)/(-77)).
3413
Let x(k) = 12*k - 9. Let f be x(2). Suppose 6*h = 4*i + 3*h - 22, -6 = -i + h. Suppose -f = -i*p + p. List the prime factors of p.
5
Let l = 4 + 6. What are the prime factors of 4/(-3)*(-165)/l?
2, 11
What are the prime factors of 453/2*((-161)/(-21) + 3)?
2, 151
Let q be 62 + ((-8)/2)/(-4). Suppose 56*a + 1358 = q*a. List the prime factors of a.
2, 97
Suppose -2 = z, -25*z + 29*z + 2360 = 4*d. List the prime factors of d.
2, 3, 7
Suppose 2*g - 5*j = 2164, 0 = 2*g + 2*j - 1340 - 824. List the prime factors of g.
2, 541
Suppose 5 - 3 = -2*t. Let m(j) = -10*j - 1 + 8*j - 52*j. What are the prime factors of m(t)?
53
Let n(b) = -14*b**2 + 4*b + 3. Let q be n(-1). What are the prime factors of ((-4)/q)/((-4)/(-876))*5?
2, 73
Let f(q) = 6*q**2 - 31*q + 559. What are the prime factors of f(27)?
2
Suppose 120*x = 124*x - 5060. List the prime factors of x.
5, 11, 23
Suppose -4*p - 16 = -5*q, 5*q + 1 = -3*p + 24. Suppose 5*y + 3*i = 263, -4*y - q*i - 204 = -8*y. List the prime factors of y.
2, 13
Let d = 86 - -3552. List the prime factors of d.
2, 17, 107
Suppose -4*s + 26 = 2*c, -s = -2*c + 3*s - 14. Suppose 0 = -2*j - 2*p + 230, -2*j + 228 = p + c*p. List the prime factors of j.
2, 29
Let g = 485 - -541. List the prime factors of g.
2, 3, 19
Let q be 20/6*6/(-2). Let z be 338/18 + q/(-45). Let m = 3 + z. List the prime factors of m.
2, 11
Let k(f) = f**2 - 8*f - 9. Let u be k(9). Suppose u = -0*y - y + 9. What are the prime factors of y?
3
Let p(d) = -d**3 - d + 9. Suppose -3*x + 4*f = -2 - 2, 0 = -3*x - 2*f - 2. What are the prime factors of p(x)?
3
Let n = 107 - 119. List the prime factors of n/(-54) + 142/9.
2
Let v = 310 + -133. Suppose 63 + v = l. What are the prime factors of l?
2, 3, 5
Let w(z) be the first derivative of -z**2/2 - 3*z - 4. Let x be w(-7). Suppose 0*d = 4*f - 5*d - 33, -31 = -5*f - x*d. What are the prime factors of f?
7
Suppose -j = -5*r - 526, -r - 4*j - 103 = -2*j. Let m = -36 - r. List the prime factors of m.
3, 23
Let w(t) = -17*t**3 + 7*t**2 + 4*t - 2. Let l(b) = 9*b**3 - 4*b**2 - 2*b + 1. Let s(a) = -5*l(a) - 3*w(a). Let p = -185 - -187. List the prime factors of s(p).
41
Let b(g) = g**2 - 2*g - 16. Suppose y + 4*a = 4, 0 = -4*y + 3*y - 5*a + 2. What are the prime factors of b(y)?
2, 13
Suppose -t - 56 = 13*t. What are the prime factors of (-1)/t - (1 - (-1590)/(-8))?
2, 3, 11
Let o(b) be the third derivative of b**5/30 - b**4/